
True
Does 24 divide 14449?
False
Does 75 divide 4280?
False
Is 9 a factor of 25501?
False
Does 16 divide 73333?
False
Is 2172 a multiple of 12?
True
Is 78778 a multiple of 11?
False
Is 324 a multiple of 18?
True
Is 5 a factor of 1942?
False
Is 366 a multiple of 122?
True
Is 32570 a multiple of 113?
False
Does 15 divide 1525?
False
Is 60 a factor of 7800?
True
Does 10 divide 68970?
True
Does 31 divide 3813?
True
Does 17 divide 9387?
False
Is 2039 a multiple of 55?
False
Is 11692 a multiple of 86?
False
Is 13 a factor of 5870?
False
Is 10017 a multiple of 21?
True
Is 21 a factor of 315?
True
Is 59 even?
False
Does 18 divide 4190?
False
Is 2035 a multiple of 2?
False
Is 1748 a multiple of 76?
True
Is 12 a factor of 2051?
False
Is 101039 a multiple of 11?
False
Does 5 divide 3595?
True
Is 5 a factor of 183?
False
Is 882 a multiple of 7?
True
Is 65 a factor of 1499?
False
Is 143 a factor of 4004?
True
Is 15 a factor of 270?
True
Does 155 divide 4185?
True
Does 7 divide 21104?
False
Is 17 a factor of 170?
True
Is 107772 a multiple of 14?
True
Is 37 a factor of 1086?
False
Does 9 divide 153?
True
Is 977 a multiple of 6?
False
Is 73 a factor of 6278?
True
Does 23 divide 552?
True
Does 14 divide 598?
False
Is 65796 a multiple of 12?
True
Does 4 divide 3327?
False
Is 11 a factor of 6336?
True
Is 396 a multiple of 28?
False
Does 17 divide 1207?
True
Does 8 divide 144?
True
Is 3141 a multiple of 6?
False
Is 12120 a multiple of 8?
True
Does 25 divide 4900?
True
Is 19 a factor of 42029?
False
Is 37 a factor of 31931?
True
Is 35 a factor of 6658?
False
Is 6 a factor of 5990?
False
Is 41 a factor of 35301?
True
Does 14 divide 12754?
True
Is 24 a factor of 352?
False
Is 153131 a multiple of 17?
False
Does 14 divide 714?
True
Does 188 divide 3458?
False
Is 10464 a multiple of 12?
True
Is 149 a multiple of 31?
False
Does 23 divide 4232?
True
Is 19 a factor of 779?
True
Is 32 a factor of 7162?
False
Is 1904 a multiple of 34?
True
Is 555 a multiple of 15?
True
Is 4 a factor of 912?
True
Is 120 a factor of 3518?
False
Does 130 divide 95602?
False
Is 104 a multiple of 4?
True
Is 10 a factor of 20040?
True
Is 280 a multiple of 3?
False
Does 23 divide 51785?
False
Is 21 a factor of 14714?
False
Does 31 divide 2971?
False
Does 5 divide 8563?
False
Is 1308 a multiple of 4?
True
Is 243 a multiple of 81?
True
Does 17 divide 765?
True
Does 32 divide 57803?
False
Does 10 divide 97591?
False
Is 118 a factor of 354?
True
Does 38 divide 3291?
False
Is 308 a multiple of 7?
True
Is 115 a factor of 520?
False
Is 65280 a multiple of 16?
True
Does 36 divide 396?
True
Does 172 divide 8084?
True
Is 158 a factor of 36559?
False
Is 5289 a multiple of 2?
False
Is 198 a multiple of 12?
False
Does 19 divide 63?
False
Does 12 divide 26244?
True
Is 640 a multiple of 64?
True
Is 194 a multiple of 5?
False
Does 15 divide 7650?
True
Is 16 a factor of 208?
True
Does 15 divide 4144?
False
Is 1139 a multiple of 77?
False
Is 6 a factor of 54?
True
Is 1992 a multiple of 6?
True
Is 15075 a multiple of 15?
True
Is 381 a multiple of 9?
False
Is 10 a factor of 3776?
False
Is 485 a multiple of 97?
True
Is 66 a factor of 602?
False
Is 38799 a multiple of 66?
False
Is 2635 a multiple of 158?
False
Does 107 divide 7169?
True
Is 30 a factor of 53084?
False
Does 14 divide 2686?
False
Is 18 a factor of 452?
False
Does 13 divide 1135?
False
Is 23800 a multiple of 34?
True
Is 35 a factor of 11784?
False
Is 17696 a multiple of 316?
True
Is 653 a multiple of 156?
False
Is 361 a multiple of 16?
False
Is 29133 a multiple of 56?
False
Is 104 a factor of 43186?
False
Does 22 divide 2979?
False
Is 12 a factor of 60567?
False
Does 8 divide 243?
False
Does 15 divide 315?
True
Does 8 divide 13104?
True
Is 1403 a multiple of 16?
False
Is 7661 a multiple of 2?
False
Is 141 a multiple of 22?
False
Is 12 a factor of 648?
True
Does 11 divide 117612?
True
Is 41160 a multiple of 280?
True
Does 42 divide 462?
True
Is 969 a multiple of 19?
True
Is 28 a factor of 2337?
False
Is 66223 a multiple of 349?
False
Is 51 a factor of 306?
True
Does 40 divide 193?
False
Does 10 divide 26910?
True
Does 15 divide 1990?
False
Does 7 divide 7?
True
Is 30 a factor of 330?
True
Does 7 divide 11822?
False
Is 21 a factor of 294?
True
Is 48723 a multiple of 53?
False
Is 9 a factor of 163?
False
Is 3231 a multiple of 9?
True
Is 15 a factor of 4395?
True
Is 19584 a multiple of 50?
False
Is 2755 a multiple of 22?
False
Is 157 a factor of 3284?
False
Is 581 a multiple of 83?
True
Is 25 a factor of 36650?
True
Is 252 a multiple of 12?
True
Is 740 a multiple of 4?
True
Is 68292 a multiple of 84?
True
Is 958 a multiple of 22?
False
Is 468 a multiple of 39?
True
Is 24799 a multiple of 9?
False
Is 15041 a multiple of 11?
False
Does 62 divide 19344?
True
Is 364 a multiple of 13?
True
Is 7072 a multiple of 17?
True
Is 7 a factor of 308?
True
Is 5 a factor of 544?
False
Is 6 a factor of 642?
True
Is 7 a factor of 11704?
True
Does 9 divide 618?
False
Is 13 a factor of 6032?
True
Is 87630 a multiple of 41?
False
Is 96 a factor of 13509?
False
Does 24 divide 626?
False
Is 5940 a multiple of 9?
True
Is 47 a factor of 658?
True
Is 11 a factor of 1925?
True
Is 4 a factor of 124?
True
Is 321 a factor of 36602?
False
Is 53 a factor of 622?
False
Is 8835 a multiple of 31?
True
Does 136 divide 17952?
True
Is 1078 a multiple of 72?
False
Is 912 a multiple of 24?
True
Does 13 divide 2704?
True
Does 75 divide 5775?
True
Is 16 a factor of 1584?
True
Does 40 divide 3039?
False
Does 4 divide 56?
True
Is 23 a factor of 483?
True
Does 8 divide 12480?
True
Is 7 a factor of 147?
True
Is 90059 a multiple of 13?
False
Does 32 divide 8768?
True
Does 65 divide 6045?
True
Is 1651 a multiple of 127?
True
Is 1194 a multiple of 22?
False
Is 63 a factor of 504?
True
Does 46 divide 11720?
False
Does 138 divide 23913?
False
Does 10 divide 17103?
False
Does 173 divide 30890?
False
Is 170 a factor of 1360?
True
Does 36 divide 324?
True
Is 35378 a multiple of 266?
True
Is 9680 a multiple of 121?
True
Is 939 a multiple of 5?
False
Is 676 a multiple of 52?
True
Is 72 a multiple of 8?
True
Does 24 divide 3655?
False
Is 58 a factor of 2512?
False
Is 1215 a multiple of 45?
True
Is 11211 a multiple of 70?
False
Is 19652 a multiple of 289?
True
Is 20436 a multiple of 156?
True
Is 196 a multiple of 14?
True
Is 69 a factor of 2967?
True
Is 3 a factor of 42?
True
Is 258 a factor of 25680?
False
Does 16 divide 605?
False
Is 4970 a multiple of 35?
True
Is 81 a factor of 5913?
True
Does 12 divide 372?
True
Is 956 a multiple of 28?
False
Is 45 a factor of 5625?
True
Does 10 divide 1611?
False
Does 9 divide 153?
True
Is 1840 a multiple of 92?
True
Is 32 a multiple of 16?
True
Is 66 a factor of 10784?
False
Does 6 divide 271?
False
Does 11 divide 23914?
True
Is 183 a factor of 31842?
True
Is 280 a multiple of 25?
False
Is 50554 a multiple of 157?
True
Is 2720 a multiple of 25?
False
Is 166 a factor of 83000?
True
Does 29 divide 232?
True
Does 25 divide 2225?
True
Is 54 a factor of 13284?
True
Is 43 a factor of 970?
False
Is 1200 a multiple of 16?
True
Does 24 divide 22464?
True
Is 34 a factor of 1088?
True
Is 624 a multiple of 6?
True
Is 10689 a multiple of 55?
False
Is 810 a multiple of 30?
True
Is 4 a multiple of 4?
True
Is 12427 a multiple of 156?
False
Is 1136 a multiple of 120?
False
Is 5319 a multiple of 27?
True
Does 202 divide 60615?
False
Is 107 a multiple of 18?
False
Is 15 a factor of 1320?
True
Is 69 a factor of 5313?
True
Does 14 divide 21294?
True
Is 29 a factor of 2681?
False
Is 38 a factor of 3664?
False
Is 26 a factor of 16480?
False
Is 12816 a multiple of 18?
True
Is 2 a factor of 211?
False
Does 9 divide 58227?
False
Does 12 divide 35532?
True
Is 2110 a multiple of 134?
False
Is 46 a factor of 4646?
True
Is 10517 a multiple of 8?
False
Does 18 divide 2008?
False
Is 19 a factor of 9218?
False
Does 4 divide 2920?
True
Is 17 a factor of 1032?
False
Does 6 divide 6096?
True
Does 145 divide 435?
True
Is 7404 a multiple of 12?
True
Is 60684 a multiple of 51?
False
Is 175 a multiple of 3?
False
Is 30 a factor of 110?
False
Does 23 divide 9709?
False
Does 141 divide 7755?
True
Does 7 divide 162?
False
Does 3 divide 22?
False
Does 183 divide 13888?
False
Does 6 divide 240?
True
Does 3 divide 1